. What is the remainder when 718 is divided by y(9)?
58
Let i = 130 + -20. Let a(l) = 4*l**3 - l**2 + 2*l - 3. Suppose -q + 46 = 44. Calculate the remainder when i is divided by a(q).
23
Let p(w) = 567*w**2 - 21*w - 2. What is the remainder when p(1) is divided by 139?
127
Let n(x) = x + 6. Let s be n(-6). Suppose 2*c = 5*m - s*c - 7, 5 = -m + 2*c. Calculate the remainder when 148 is divided by (98/(-4) + m + 2)*-2.
31
Suppose 8*p - 6 = 6*p. Suppose 3 = -p*u, 6*u = i + 4*u - 24. Suppose -i = 48*q - 50*q. What is the remainder when 30 is divided by q?
8
Suppose 0 = 1005*o - 959*o - 112286. What is the remainder when o is divided by 15?
11
Suppose -5*l = 2*t - 210, 3*t - 84 = -2*l + 2*t. Let x = l - 22. What is the remainder when 119 is divided by x?
19
Let i(r) = -r**3 - 8*r**2 - 18*r + 1. Calculate the remainder when i(-9) is divided by 16.
4
Suppose 20*j - 12 = 28. Calculate the remainder when 42 is divided by ((-1)/(-8))/((-6)/(-120))*j.
2
Let u(o) = 2*o**2 + 56*o + 138. What is the remainder when 6797 is divided by u(-26)?
31
Suppose -204*b + 207*b = 750. Suppose -55*v - 447 + 1437 = 0. What is the remainder when b is divided by v?
16
Suppose -24*f = -22 - 98. What is the remainder when 489 is divided by (-15)/f*168/(-36)?
13
Let g(r) = r**2 - 2103*r + 26. Let p(w) = 5*w + 1. Calculate the remainder when g(0) is divided by p(2).
4
Let z(s) = -158*s - 544. Let n(l) = 52*l + 181. Let m(w) = -16*n(w) - 5*z(w). What is the remainder when 66 is divided by m(-5)?
32
Let x(q) = 4*q**2 - q + 71. Let g(w) = -3*w**2 - 72. Let u(i) = -3*g(i) - 2*x(i). Suppose 29*l = 33*l. What is the remainder when u(l) is divided by 19?
17
Suppose 69*n + 87 = 72*n. Calculate the remainder when ((-564)/48)/((-2)/8) is divided by n.
18
Suppose -2*z - 2*v + 66 = 0, -20*z - 3*v = -24*z + 111. What is the remainder when (7780/12)/5*3/1 is divided by z?
29
What is the remainder when (11 - 10)*103 + -12 is divided by 21?
7
Suppose -21*o = -23*o - 10. What is the remainder when 18/2 + o + 95 is divided by 51?
48
Suppose 10595 = -11*k - 15981. What is the remainder when 256 is divided by 4/(-14) + 1 + k/(-28)?
82
Suppose 0 = -5*n - 2*h + 36, 2*n - 2*h = -h + 9. Suppose -s + 13 = 3*u, 2*s - 50 = -5*u + n*s. What is the remainder when 65 is divided by u?
5
Let y(x) = 178*x**3 - 2*x**2 + 4*x - 3. Let u be y(1). Let d = u - 169. What is the remainder when 101 is divided by d?
5
Suppose 2*y - 24 - 268 = 0. Let j = 262 + -188. Calculate the remainder when y is divided by j.
72
Let r be 1*20/90 + (-1454)/(-18). Suppose 3*t - 290 = -4*c + r, 5*c = -3*t + 376. Calculate the remainder when t is divided by 35.
12
Let m = 44062 + -43902. Calculate the remainder when 3359 is divided by m.
159
Let h = 134 - 99. Let l(r) = 3*r**2 + 32*r - 81. What is the remainder when l(-17) is divided by h?
32
Let n(d) = 7*d**2 + 5*d - 5*d. What is the remainder when n(3) is divided by (1/(-12))/((-80)/1280)*(-102)/(-8)?
12
Let i = 14 + 2. Calculate the remainder when (-35 + 36)/((-4)/14 + (-201)/(-630)) is divided by i.
14
Let d = -10834 + 11219. What is the remainder when d is divided by 172?
41
Suppose -8 = -2*w, -2*w + 3 + 9 = -2*v. Calculate the remainder when 46 is divided by v/10 + 1054/170.
4
What is the remainder when ((-192)/36 - 10)*3*-5 is divided by 11?
10
Suppose 0 = -7*k + 14*k - 28. Suppose 4*z - 3*z = -k, 5*t = 5*z + 250. Calculate the remainder when t is divided by 24.
22
Let n(t) = t**2 - 2*t + 51. Calculate the remainder when 76 is divided by n(5).
10
Let g = 2569 - 2515. What is the remainder when g is divided by 50?
4
Suppose 7614 = 92*p - 1402. Calculate the remainder when p is divided by 35.
28
Suppose -50*n + 2366 + 3934 = 0. What is the remainder when n is divided by 10?
6
Suppose -2*s + 285 = 4*d + 241, 0 = 2*s + d - 44. Calculate the remainder when 81 is divided by s.
15
Suppose -334*x - 2*p = -333*x - 101, p + 247 = 3*x. What is the remainder when 663 is divided by x?
68
Calculate the remainder when (35/(-7) + 0/8)/((-3)/2271) is divided by 946.
1
Let s(r) = -r**2 - 3*r + 193. Calculate the remainder when 259 is divided by s(10).
7
Suppose -67*m + 534 = -352 - 588. What is the remainder when 3431 is divided by m?
21
Suppose -2*o - 4*n - 25 = -o, 2*n + 10 = 0. Calculate the remainder when 29 is divided by (-77)/o - 18/(-30).
13
Let v be 224/(-6)*(-315)/(-70). What is the remainder when (-5*v/(-350))/((-1)/10) is divided by 9?
6
Suppose 0 = 2*f - 131 + 125, -2*r + f = -347. What is the remainder when r is divided by 39?
19
Let j = 173 + -175. What is the remainder when (3 - 100/(-1)) + (-8)/j is divided by 50?
7
Suppose -7*m + 38*m = -1849 + 6406. Suppose -3*v - 2*q = -94, -5*v + q = 2*q - 152. Calculate the remainder when m is divided by v.
27
Suppose -5*n - 25 = 3*v, v - 5*v + 4 = 2*n. What is the remainder when 1 + -5 + (115 - (n - -16)) is divided by 29?
16
Let o(b) = -11*b + 81. Let m be (-11)/(-11) - (1 - -8). What is the remainder when o(m) is divided by 44?
37
Suppose -2*b = 3*b - 40. Let h = b + 214. Suppose -6*p = -0*p - h. Calculate the remainder when p is divided by 8.
5
Let o = -9 + 9. Let n(d) = 21*d - 75. What is the remainder when o - (-3 - -4 - 16) is divided by n(4)?
6
Suppose -36*t + 24171 = -178329. Calculate the remainder when t is divided by 21.
18
Let d(o) = 95*o + 1311. What is the remainder when d(-9) is divided by 78?
66
Let c(q) = -144*q - 107. Let n be c(-6). Let r = -721 + n. What is the remainder when 322 is divided by r?
34
Suppose -4*n - 3*c - 1045 = -6*c, -6 = -2*c. Let k = 8 - 12. Calculate the remainder when 2/k + n/(-2) is divided by 44.
41
Let x(g) = -28*g - 985. What is the remainder when 2326 is divided by x(-36)?
3
Let o(v) = -133*v + 5299. Calculate the remainder when o(39) is divided by 87.
25
Calculate the remainder when 2831 is divided by (-2540)/(-20) + -1 + 40/(-5).
117
What is the remainder when 1561 is divided by 2/(-4) - 3572/376 - -309?
66
Suppose 3*p + 5*t = -90, -t = p - 4*t + 16. Calculate the remainder when (-108)/(-5) + 4 + (-10)/p is divided by 6.
2
Suppose 4*m + u - 919 = 0, -193*m + 189*m + 2*u = -922. Calculate the remainder when m is divided by 11.
10
Let n = 50 + -54. Let b be 2*(n - 0 - -66). Suppose 6*r - b = 2. Calculate the remainder when 39 is divided by r.
18
Suppose 4659*z = 4610*z + 1813. Let v = -335 + 741. What is the remainder when v is divided by z?
36
Let u = -1330 + 2867. What is the remainder when u is divided by 27?
25
Suppose 94*d - 9784 - 1923 = 3709. What is the remainder when d is divided by 2*1/6*249?
81
Let w = -44 + 33. Let v(y) = y**3 + 13*y**2 + 18*y - 12. Let z be v(w). Let c = z + -15. Calculate the remainder when 66 is divided by c.
15
Let n(x) be the third derivative of x**5/60 - x**4/3 - 8*x**3/3 + 21*x**2. Let m(c) = 14*c**2 - 1. What is the remainder when m(-1) is divided by n(10)?
1
Let w be 14 + 0/6 + -4. Suppose 2*u - l - 12 - 13 = 0, -w = -2*l. Let s(z) = z**2 + 6*z - 1. What is the remainder when u is divided by s(-7)?
3
Suppose 0 = -0*q + 4*q + 4*m - 68, -4*m = -5*q + 76. Let u = 451 - 309. What is the remainder when u is divided by q?
14
Suppose a + 4*a - 145 = 0. Let o be (-328)/104 - (-6)/39 - -8. Suppose 557 = 4*g - 5*v, -2*g + o*v = -210 - 61. Calculate the remainder when g is divided by a.
27
Let l be (7 - (-5 - 0)) + -7. Calculate the remainder when 84 is divided by (l/(25/(-5)))/((-4)/96).
12
Suppose -463 = 6*o - 529. What is the remainder when 54 is divided by o?
10
Calculate the remainder when 639 is divided by (-2)/8*(-175 - -177)*(-40)/2.
9
Let w(n) = -n**3 + 4*n + 13. Let l be w(-3). Suppose -l*s + 33250 = 10*s. What is the remainder when s is divided by 110?
105
Suppose 3*p = 5*p + 3*b - 58, -2*b + 100 = 4*p. Let h = 19 + 123. What is the remainder when p is divided by 3/(-15) + h/10?
9
Suppose -a - 2*u + 4*u - 29 = 0, -a - 19 = -4*u. Let m = a + 43. Calculate the remainder when 14 is divided by (-1)/((-4)/52) - m.
5
Suppose 2*b = -64*z + 68*z - 300, 5*b = 3*z - 225. Calculate the remainder when 80 is divided by z.
5
Suppose -i - 32*z + 29*z = -86, -122 = -2*i + 4*z. What is the remainder when 803 is divided by i?
22
Let t = 23421 + -22419. Calculate the remainder when t is divided by 163.
24
Let q(t) = -123*t - 1305. Calculate the remainder when 3071 is divided 